44 + 120 + -29 + -29.
18
Calculate 56 + (-62 - -29) + -65.
-42
What is -56 + (-3 - 0 - (-107 + 91)) + (0 - 8)?
-51
What is -102 - (6 + -39 + 1)?
-70
Calculate -8 - (51 + 1 + -5).
-55
What is the value of 8 + -68 + 5 - (222 + -223)?
-54
(4 + -3 + -9 + 17 - 21) + 90
78
Calculate -22 - (12 - (-6 - -18 - (-16 + 15 + -2))).
-19
-135 - (-113 + (-34 - -86))
-74
What is 130 - ((-2 - -23) + 13) - (2 + 2)?
92
What is 88 - -2 - (-3244 + 3264)?
70
Calculate 25 + (-6 - (-26 + 28)) + -100.
-83
23 + -9 + -23 + (4 - -26)
21
-6 - -35 - ((9 - (-2 + 17)) + 12)
23
What is (-4835 - -4843) + (1 + (-1 - 19) - -1) + 72?
62
36 + (-61 - -40 - -5)
20
Evaluate 93 + -66 - (-1 - (-9 + -9)).
10
What is -271 + 304 - ((-9 + 11 - -28) + -8)?
11
What is the value of (1581 - 1551) + -14 + 0?
16
What is the value of -147 + -50 - -30 - -95?
-72
Evaluate (4 + 0 + -1 - (773 + -720)) + 3.
-47
Evaluate 76 - (-52 - -33 - (-12 + 0 - 6)).
77
-9 - (-11 - (-14 + 6)) - (44 + (5 - -2))
-57
What is 17 + 6 - (119 + (-8 - 29))?
-59
Evaluate 21 + 23 + -52 + (26 - 5).
13
Evaluate -30 + -5 + -3 - (-8 + -8 - -10).
-32
Evaluate (-1 + 3 + 50 - 2) + 1028 + -1034.
44
Calculate -31 + -51 + 66 + 2 + -14.
-28
What is the value of -71 + (-64 - -41 - (-13 + -2)) + 10?
-69
Calculate (-213 + 138 - -99) + -39.
-15
Calculate (-578 - -541 - (1 - 51)) + 1 + -159.
-145
28 - 17 - (15 + -4 + (18 - 8))
-10
20 + 10 + 29 + -25 + (37 - 18)
53
Calculate (37 - 257 - -44) + 90.
-86
Evaluate 80 - (90 + -24 + -11).
25
Evaluate -19 + (0 - (-6 + 3)) - 37.
-53
Calculate -4 + -2 + -36 - -42.
0
Calculate (24 - 31) + (5 - -1) + 61 + -69 + 103.
94
What is the value of (54 - 54) + -2 + 17 + (45 - 36)?
24
What is the value of -3 + 26 + -328 + 335 + -149?
-119
Evaluate 39 + -22 + 43 + (-4 + 4 - -4) + 5.
69
-22 - (5 + 13 + (4 - 23))
-21
Calculate 4 + (-9 + 17 - 8 - 25 - 29).
-50
Evaluate (-3 - 45) + -1977 + 1983.
-42
Evaluate 383 + -328 + 4 + 0 + -108 + 87.
38
What is -2 - 5 - -4 - (-24 + -84 + -19 + 10)?
114
-104 + (36 - 49) + 64
-53
Evaluate -8 - ((-6 - -20) + -2 + -11 + 33).
-42
Evaluate (-141 - -148 - (-3 + -2 + 25)) + -1.
-14
Evaluate -27 + 6 + -78 + 36.
-63
Evaluate (-107 - -109 - (-10 + -3)) + -49 - -4.
-30
What is 7 + 17 + -21 - (20 - 35)?
18
Evaluate (74 - (173 - 19)) + (-1 - (-11 - (2 - 1))).
-69
What is the value of 52 - (24 - (-32 + 14))?
10
Evaluate (16 + -147 - -85) + -4.
-50
140 + -59 + -100 + 11
-8
Evaluate -2 - (113 - 114 - -29).
-30
What is the value of 73 - -15 - (7 + 5 + (-6 - -2) + -2)?
82
Evaluate -16 - (2 + (-2 - -14 - 0)) - 10.
-40
(-105 - (52 - 152)) + (-1 - 6)
-12
-125 + (155 - -80) - 26
84
(-117 - 0) + 235 - 146
-28
-3 + 0 - (-8108 - -8008)
97
What is the value of -2 + ((-15 - -23) + -10 + -1 - 3 - 6)?
-14
Evaluate (7 + (-11 - 60) - (-41 - -40)) + -1.
-64
-39 - (7 + -22) - -1
-23
Calculate -392 + 378 + (-12 - (3 + (2 - 0))).
-31
What is (0 - (20 - 26 - -38)) + 5 + 0 - -7?
-20
Evaluate 174 - 124 - (0 - 9) - 19.
40
Calculate (-151 - -461) + -284 + (1 - 1) + -10.
16
What is the value of -9 + 3 + -2109 + 2173?
58
Evaluate 64 - (-9 - (-41 + -12)).
20
What is the value of -14 - (3 + (-53 + 58 - (1 - 0)))?
-21
(-7 - (-7 - 17)) + 148 + -142 - -112
135
What is the value of 11 + 1 + -14 - (-3 - (60 + 18))?
79
What is the value of 2 + (23 - -16) + 5?
46
What is 176 + -189 + 6 + (5 - (6 - 6)) - 77?
-79
What is the value of -3 + (0 - -2) + 69 - (-9 - (-35 + 17))?
59
82 + -47 - 20 - 17
-2
What is -2 - ((2 - (32 + -10)) + 37 - 37)?
18
What is the value of (-93 - -150) + 70 - ((-7 - -7) + (6 - 0))?
121
What is (-2 + 2 + 0 - -50) + (84 - (234 + -156))?
56
What is the value of -24 - -4 - ((-22 - -20) + 1)?
-19
Evaluate -6579 + 6714 - (-2 - -237).
-100
Evaluate (-4 - 1) + 21 + -1 + 34 + -2 + 19.
66
Calculate 26 + -4 + 25 + -2 + -34.
11
Calculate 12 + (27 - 50 - -39).
28
(-21 + -34 + 36 - -24) + 50
55
Evaluate -13434 + 13429 + (-22 - (2 + -3 + -1)).
-25
Calculate 1 + (18 - (11 + -29) - (-7 - 3)).
47
Evaluate 2 + 4 + 1 + 27 + -16 + -87.
-69
(31 - -27) + 7 + -19 - 36
10
What is the value of -74 - -85 - 35 - (-19 + 5)?
-10
What is -6 - (39 - (-19 - 14 - -33 - (6 - 1)))?
-50
-8 - ((8 - 0) + -2 - 0)
-14
-1964 + 1875 + (-2 - (-24 + 1))
-68
(-25 - ((15 - 4) + -14)) + -14
-36
What is the value of 6 - -29 - (36 + (-67 - -39) - (19 - 0))?
46
What is -69 + -15 + 97 - 56?
-43
Evaluate -37 + 37 + -5 - -15.
10
What is -58 + (47 - -7) + (0 - (1 + -16 + 2))?
9
-112 - -7 - (-2 + 6 + -30)
-79
Evaluate -9236 + 9346 - (-1 + 0).
111
Calculate 1 - (25 + -19 + 3 - -4) - -19.
7
-7 + 13 + -10 - (-12 + (-3 - -5) + 2)
4
-2 + (77 - (2 - 3)) + -190 + (-153 - -354)
87
Calculate (-9 - -12) + 0 + (-1 - -6) - (-1 - 6).
15
(-3 - -7) + (-7395 - -7507)
116
Calculate 32 - -1 - (-5698 + 5698).
33
What is the value of 24 + (32 - 11) + 5?
50
-2 + (-12 - (-1 + -9)) - 20
-24
What is the value of (21 - 28) + -26 + (-14 - 0 - (15 + -18))?
-44
What is (584 - 625) + 4 + -4 + (-6 - -1)?
-46
Calculate 9 + 5 - (-7 + 13 + -2).
10
What is the value of -19 - ((134 - 148) + (40 - (1 - 6)))?
-50
(-2 - (71 - -13)) + 62 + -105
-129
Evaluate -55 + -7 + (6 - -19).
-37
What is (-47 - -38) + (67 - 1) - -3 - 12?
48
What is -86 - (-112 + 236 + -110)?
-100
What is 0 + -2 - 34 - (1709 + -1707)?
-38
What is the value of 22 + -23 + -72 + 51?
-22
Calculate -27 - -23 - 1 - (2 + -29 - -2).
20
Calculate 12 + 0 - (-135 - -173 - 5).
-21
What is -16 - (-5 + -2) - (53 + -1 - (67 + -71))?
-65
Evaluate (1692 - 1715) + (24 - -1).
2
What is the value of -14 - 8 - (-4 + (-11 - -8 - 7))?
-8
Evaluate (4 - -20) + (-21 - -6 - (-8 - (0 - -7))).
24
Calculate -55 + (46 - 41) + (-3 - 1) + -15.
-69
-34 + 2 + (20 - (57 - 29)) - -12
-28
What is 2 + -4 + (-8 - -43) + 4 + -2 + 2?
37
What is the value of 2 + 85 + (65 - (14 + 39)) + 3 + -11?
91
20 + (-27 + 17 - (6 - 12 - -18))
-2
2 + 9 + -27 + -31 + 12
-35
(-17 - (-6 + -13) - 5) + 53 - 15
35
Calculate 1 - -29 - (-1102 + 1085).
47
-3 - (1 + 5) - (11 + -38 + -1)
19
-24 + (39 - -7 - 20) + 2 + 98
102
Evaluate -11 - 24 - -42 - 47.
-40
What is (24 - (-123 - -27) - 28) + -28?
64
Evaluate -11 + (0 - 3 - -16) + (-8 - -1) - 60.
-65
Calculate -10 + -4 - (28 + -16 + 4 - -13).
-43
Evaluate 67 + (9 + -10 - 3) + -2 + -1.
60
What is -9 - (-46 - (-27 + -1)) - -22?
31
What is (12 - 9) + -11 - (-37 + -8)?
37
What is the value of 14 + 6 + (4 - -5 - 12 - -5)?
22
What is the value of 38 - (57 + (89 - 58))?
-50
What is the value of (18 + (-29 - 21) - 68) + 3?
-97
What is (-83 - (1 - (2 - 1))) + -7882 + 7867?
-98
Evaluate 23 + 0 - (-117 + 119 - (3 + -1 - -9)).
32
Evaluate 115 + (-5 + -179 - -50).
-19
Calculate -130 + 140 + (10 - -1) + 4.
25
(81 - (19 - ((-1 - -10) + -3 + 2))) + 4
74
What is the value of 35 + -2 + -37 + (-33 - -61) + 2?
26
What is the value of 0 - ((-18 - -10) + 44 - -24)?
-60
(-16 - (3 + -10 - 5)) + (15 - 66)
-55
Evaluate 132 - (84 - 33) - 145.
-64
(-6 - ((-6 - 7) + -6 + 24)) + 31
20
-12 + 4 + 13 + -4 + -20 + 95
76
9 + (-26 - (-51 + 11 + -27))
50
What is the value of -48 + 26 - (-54 + 42)?
-10
-74 - (-42 - (-17 - (-38 + 44)))
-55
79 - (178 - (-117 + 217))
1
Calculate 87 - (17 + 194) - -57.
-67
Calculate -14 + (-138 - (5 + (-2 - 10) - (-79 - -82))).
-142
What is 159 + -118 - (40 + -2)?
3
What is (-13 - -4 - 11) + (-86 - (-1 + 11))?
-116
What is the value of -4 + (70 - 103) + (-1 - 9) + 14?
-33
What is the value of 53 + (20 - 169) - -62?
-34
Evaluate -5 + -100 + (-171 - -189).
-87
What is the value of (1 + 1 - (49 + (-33 - -32) + -33)) + -126?
-139
Calculate 13 - (2 - (16 - 16)) - 19.
-8
9 - 6 - 1 - -9 - (76 + -87)
22
-16 + 5 + 9 + 12 + (-1 - 3) + -19
-13
Calculate 25 - ((-5 - (34 + -16)) + -8).
56
What is the value of 3 - (-34 - -88) - -16?
-35
(-6 - (-41 - -12)) + 8 + 2 + 4
37
What is the value of -4 + -3 + 42 + -925 + 805?
-85
Evaluate -27 + (-34 - (67 - 123)).
-5
Evaluate -36 - (-11 - (-14 - (-13 - -11))) - (22 - 9).
-50
What is 3392 + -3358 + (0 - (-5 - (0 - 3)) - 11)?
25
118 - (121 + -83) - -26
106
What is 21 - ((113 - 203) + 56)?
55
Evaluate (-1 - -21) + (20 - ((-52 - -65) + 11 + -1)).
17
What is 22 + (-71 - (-7 - -2))?
-44
Calculate -8 + -2 + 4 + (0 - -25 - 11 - -30).
38
(11 - 17) + (-24 - 51) + 161
80
-55 + -1 + 4 + 36 + 118
102
What is the value of 68 + -26 + (10 - 33)?
19
Evaluate -2431 - -2437 - (57 + 0 - (5 - (-5 - -13))).
-54
What is (-10 - (24 - 9 - 19)) + -42